 12 = 0. Give r(c).
-4
Let y(p) = -p**2 + 6*p - 6. Let l be y(3). Let n(t) = 2*t**2 - 3*t - 4. Calculate n(l).
5
Let f(s) = 6*s**3 - s**2 + 1. Let n(x) = 4*x**2 - 12*x + 6. Let k(v) = -5*v**2 + 13*v - 5. Let q(i) = -3*k(i) - 4*n(i). Let h be q(8). Give f(h).
-6
Let v(i) = 2*i**2 - 3*i. Let d be v(2). Suppose d*z + 1 = 11. Let s(t) = -2 + 4*t - 3 - z*t. Give s(0).
-5
Let b(o) be the first derivative of o**3/3 + 3*o**2 + o - 1. Let q be 4*1/2 + -6. What is b(q)?
-7
Let u(h) = h**3 - 3*h**2 + 3*h - 1. Let k = -33 + 35. Calculate u(k).
1
Let w be (2/2)/(1/2). Suppose 3*g = p - 15, w*g - p + 16 = 5. Let b(j) = 3*j + 4. Determine b(g).
-8
Suppose 0 = 2*z + 3 - 1, -2*d = -4*z + 12. Let g be (-17)/4 - 2/d. Let l(i) = -i**3 - 3*i**2 + 3*i - 1. Calculate l(g).
3
Let d(g) = 4*g. Let p be d(-1). Let s(x) = -x + 1. Let y(k) = k - 9. Let o(f) = 4*s(f) + y(f). Determine o(p).
7
Let r be ((-12)/15)/(2/15*-3). Let q(x) be the first derivative of -1/2*x**r + 3 - 6*x. Determine q(0).
-6
Suppose 4*l - 3*l = -3, -l + 32 = 5*z. Suppose -2*v + z*v = 5. Let q(a) = -a**2 + 2*a - 1. Give q(v).
0
Let m = -3 + 8. Suppose 20 = m*n + 5*r, -5*n - r + 4 = -4*r. Let l(y) = y - n + 2 - 3. Determine l(5).
2
Let g(t) = 3*t + 15. Let u(d) = 2*d + 8. Let f(h) = -4*g(h) + 7*u(h). Calculate f(3).
2
Let c(x) be the third derivative of -x**4/24 + 5*x**3/3 + x**2. Suppose -2*i - 2 = -5*g + 25, -5*g = 4*i - 21. Determine c(g).
5
Let m(v) = v**3 - 5*v**2 + 4*v - 1. Suppose 0*y - 5 = -y. Give m(y).
19
Let r(b) be the third derivative of b**4/24 + 8*b**3/3 - 27*b**2. What is r(0)?
16
Let p(v) be the third derivative of v**6/120 + v**5/60 - v**4/24 + v**3/3 + 2*v**2. What is p(0)?
2
Let m(g) = 9 - 4*g - g**2 + 9*g**2 - 2*g**2 + g**2 + g**3. Give m(-8).
-23
Let n(q) = -q**3 - 3*q**2 + 4*q + 1. Let l be n(-4). Let i(p) = -27*p + 3*p**2 - 2 + l + 26*p + p**2. Give i(-1).
4
Let b(y) = -4*y**2 + 5*y + 11. Let v(l) = 9*l**2 - 9*l - 21. Let q(i) = -7*b(i) - 3*v(i). What is q(10)?
6
Suppose 0 = -5*x - h - 49, 2*x + 3*h - 5 = -35. Let a(y) = y + 7. Give a(x).
-2
Let v be (-4)/(6 + -4 + 0). Let q(c) = c**2 - c - 2. What is q(v)?
4
Let j be 2*((-12)/(-8) + -2). Let d(s) = 12*s**3 + s. Give d(j).
-13
Let l(p) = -p. Suppose -g - 4*g - 10 = 0, 3*g - 6 = -3*i. Suppose i*s = -0*s. What is l(s)?
0
Suppose 20 = -5*z - 4*y, -15 = -z + 6*z + 3*y. Let m(o) = o**3 - o**2 + o - 4. Determine m(z).
-4
Let n(f) = -f - 4. Suppose 0 = 3*b + 1 - 10. Let o = b - -6. Suppose -o = h + 2*h. Give n(h).
-1
Let c = 0 + 1. Let p(x) = -x**3 + 13*x**2 - 11*x - 7. Let m be p(12). Let j(v) = -1 - 1 + 3 + 4*v - m*v. What is j(c)?
0
Let y = -5 + 9. Let h(o) = 4*o - 2 + o**2 - y*o - 5*o. Give h(5).
-2
Let t(x) be the first derivative of -x**3/3 + x**2/2 - 10*x - 7. Determine t(0).
-10
Let l(q) be the third derivative of -q**6/360 + q**5/30 - q**3/6 - 3*q**2. Let u(d) be the first derivative of l(d). What is u(5)?
-5
Let z(c) = c**3 + 5*c**2 + c + 7. Let f(g) = g**2 + 6*g + 4. Let i(w) = w**2 - 8*w - 12. Let x be i(9). Let l be f(x). Determine z(l).
2
Let o(n) = n**3 + 7*n**2 - 6*n + 6. Suppose 5*m + 20 = -u - 17, -1 = -m - 3*u. What is o(m)?
-10
Let j be (-20)/5 - (1 + -2). Let o(k) = -k**2 - 1. Determine o(j).
-10
Let u = 4 + -4. Suppose 4*c - 2*c = u. Let v(p) = p - 9. Calculate v(c).
-9
Let k(r) = -5*r - 4. Let o(j) = 2*j - 12 - 18*j + 2*j. Let i(t) = 8*k(t) - 3*o(t). Suppose 0 = -m + 4*y - 21, 3*m = 4*m - 3*y + 17. What is i(m)?
-6
Let z(p) = 2*p - 8. Let a be (-6)/2 + -4 + 14. Calculate z(a).
6
Let x = 0 - -1. Let d be (1 - (x + -1))*-2. Let r(h) = -5*h - 2. Let g(z) = z + 1. Let i(q) = 4*g(q) + r(q). Calculate i(d).
4
Let n = -2 + 3. Let b be -1 + (2 - n) + -2. Let s(x) = 2 + 0*x**2 - x - 6*x**2 + 0 + 5*x**2. Calculate s(b).
0
Let j = -3 + 10. Suppose 0 = j*h - 5*h - 6. Let x(a) = 2*a - h*a - 1 + 2*a. Give x(5).
4
Let p = -2 + -3. Let s = 7 + -4. Let b(h) = -5*h - 3*h**2 + 0 - 7 + s*h**2 - h**2. What is b(p)?
-7
Let p(h) = -h**2 - 8*h - 5. Suppose -5*k - 4*x - 35 = 0, 4*k - 6*k + x - 14 = 0. Determine p(k).
2
Let v(c) = -c**2 + 7*c + 2. Let p be v(7). Let h(a) be the third derivative of 0 + 1/24*a**4 + 1/2*a**3 - 1/120*a**6 + 0*a + 1/12*a**5 - 2*a**p. What is h(5)?
8
Let w(b) = -b + 5. Let j(k) = -19*k**3 - 2*k**2 - 2*k - 1. Let a be j(-1). Suppose -4*p + 5 - 17 = -4*r, -2*r - 2*p + a = 0. Let n be r/3 + (1 - -1). Give w(n).
1
Suppose 4*o + 3*r = 19, 5*o - 17 = -0*r + 3*r. Suppose -u = -5*u + o. Let q(w) = -4*w**2 + w - 1. What is q(u)?
-4
Let h(c) be the second derivative of c**6/360 + c**5/60 - c**4/24 + 2*c**3/3 - 4*c. Let i(q) be the second derivative of h(q). What is i(-4)?
7
Let k(i) = -8*i**2 - i. Let t(m) = -6 + 5 - 6*m - m + 0*m**2 + m**2. Let c be t(7). Give k(c).
-7
Let g(c) = c**2 - 7*c + 9. Let d be g(6). Let o(n) be the third derivative of 1/3*n**3 + 0 - 2*n**2 + 0*n - 1/8*n**4. Calculate o(d).
-7
Let a(b) be the first derivative of -7/2*b**2 + 2/3*b**3 - 3 - 8*b. Let f(h) = -h**2 + 3*h + 4. Let c(t) = 6*a(t) + 13*f(t). What is c(-5)?
-6
Let v(h) be the third derivative of h**6/120 + h**5/30 + 3*h**2. Determine v(-2).
0
Let k(x) = -x**2 + x. Let a(g) = -g + 3 - 4 - 5*g + g. Let p(v) = -a(v) - 5*k(v). Determine p(-1).
6
Suppose -3*g + 5*g = -4. Let h(t) = 3*t - 4 - 110*t**3 + 4 + 112*t**3 + 4*t**2. Calculate h(g).
-6
Let h(m) be the third derivative of -m**4/24 - m**3/3 - m**2. Let x(s) = -s**3 - 7*s**2 - 6*s. Let r be x(-6). Suppose r*v + v = 0. Give h(v).
-2
Let t(s) = 2*s - 2. Suppose j = -j. Let u be t(j). Let d(y) = -y**2 + 3*y + 1. What is d(u)?
-9
Let a be (-9 - -2) + (-2)/(-3 - -1). Let h(b) be the third derivative of -2*b**2 + 0 + 1/24*b**4 + 0*b + 1/6*b**3. Determine h(a).
-5
Let d(l) be the first derivative of l**6/360 - 7*l**5/120 + l**4/24 + 2*l**3/3 - 3. Let y(b) be the third derivative of d(b). Give y(6).
-5
Let r(b) = -7*b**3 + 6*b**3 + b + b + b**2 - 4*b**2. Give r(-3).
-6
Let i(l) = l**2 + 2*l - 3. Let p(j) = -j**3 + 2*j - j - 4 - j**2 + j + 0. Let m be p(0). Calculate i(m).
5
Let f = 64 - 61. Let a(p) = 3*p**3 + 5*p - 3*p**2 - 2*p**3 - 3*p. Give a(f).
6
Let b(l) be the second derivative of l**3/6 - 5*l**2/2 + 10*l. Give b(5).
0
Let d = -9 + 12. Let i(t) be the second derivative of 0 - 2*t + 2*t**2 + 1/6*t**d. What is i(-5)?
-1
Suppose -14*u + 9 = -5*u. Let f(x) be the first derivative of 5*x**4/4 + 2*x**3/3 - x + 1. Determine f(u).
6
Let c(g) = 3*g - 1. Let o be 352/7 - (-10)/(-35). Let b be 5*(-5)/(o/(-12)). Let z be (-2)/b*0 - 1. Calculate c(z).
-4
Let c(n) = n. Let k be c(3). Let b(q) = -k*q + 2*q + q**3 + 0*q - q**2. Let v be -3 + ((-20)/(-130) - (-37)/13). What is b(v)?
0
Let k(u) = 5*u**3 - 8*u**2 + 6*u + 4. Let o(x) = 4*x**3 - 7*x**2 + 5*x + 4. Let i(f) = -3*k(f) + 4*o(f). Let c = -2 - -5. Calculate i(c).
1
Let b(g) = -g - 5. Let o(t) = -t - 5. Let x(m) = -4*b(m) + 5*o(m). Calculate x(4).
-9
Suppose 3 = 2*z + k - 6, -4*z = -5*k - 11. Suppose 12 = -n + z*n. Let o(r) = r**3 - 5*r**2 + 4*r + 2. Calculate o(n).
2
Let w(p) = 2. Let y(d) = -d - 17. Let u(j) = -51*w(j) - 6*y(j). Determine u(-1).
-6
Let f = 6 + 1. Let h(c) = -3*c**2 - 15*c - 10. Let d(a) = -a**2 - 5*a - 3. Let l(j) = f*d(j) - 2*h(j). Calculate l(-5).
-1
Let b(i) = i**2 + 2. Suppose 4*h + h = 0. Suppose c - 3*c + 22 = h. Suppose 4*w - 5 = -l + 9, c = 3*w + l. What is b(w)?
11
Let s(h) = -2*h - 3. Let r be 75/18 - 2/12. Let w(x) = -3 + 5*x - x**3 + 13 - r*x**2 + 10*x**2. Let u be w(7). Calculate s(u).
5
Let a(f) = 3*f. Suppose 0 = -d + 1. Calculate a(d).
3
Let s(g) be the first derivative of g**4/4 - 2*g**3/3 - g**2/2 - 9. Determine s(2).
-2
Let s(p) = 16*p**3 + 11*p**2 + 11*p - 5. Let j(i) = 3*i**3 + 2*i**2 + 2*i - 1. Let m(b) = -11*j(b) + 2*s(b). Give m(0).
1
Let j be (6 - 3)/(((-105)/(-20))/(-7)). Let q(i) = -3*i - 2. Let v(b) = 10*b + 7. Let y(w) = -7*q(w) - 2*v(w). Calculate y(j).
-4
Let g(q) = 9*q - 1. Suppose -n + 2*n - 12 = -3*o, 3*n + 4 = -o. Let r be (-12)/n*1/2. Let l be 1*(-1 + r + -2). Give g(l).
-10
Let a(b) be the second derivative of -1/12*b**4 + 0 - 2/3*b**3 + 1/20*b**5 - 1/2*b**2 - 7*b. Suppose 5*s - 3 = 4*s. Determine a(s).
5
Let i be ((-6)/(-1))/(6/(-8)). Let d(l) = -l**3 - 8*l**2 - 2*l - 11. Let y be d(i). Let x(w) = 3*w + y - w - 3*w. Determine x(4).
1
Let u = 12 - 9. Let h(c) = -2 + u - 1 - 1 + c. Let f b